{"id":10040,"date":"2021-01-05T13:43:29","date_gmt":"2021-01-05T12:43:29","guid":{"rendered":"https:\/\/www.gecoexpo.com\/2021\/?page_id=10040"},"modified":"2021-11-02T13:01:46","modified_gmt":"2021-11-02T12:01:46","slug":"giuria-e-premi-smart-talk","status":"publish","type":"page","link":"https:\/\/www.gecoexpo.com\/2021\/de\/giuria-e-premi-smart-talk\/","title":{"rendered":"Smart Talk Jury und Auszeichnungen"},"content":{"rendered":"<p>Bei den <a href=\"http:\/\/www.gecoexpo.com\/2021\/smart-talk-video-contest\/\">Smart Talks<\/a> handelt es sich um kurze 3-min\u00fctige Videos, in denen Ideen und Projekte im Zusammenhang mit der guten und konstanten Praxis von NACHHALTIGKEIT und BIODIVERSIT\u00c4T vorgestellt werden. Sie werden am letzten Tag der <strong>GECO-Messe, dem 30. Januar 2021,<\/strong> von einer Expertenjury ausgezeichnet.<\/p>\n<p style=\"text-align: center;\">\n<h3>GECO EXPO Auszeichnungen<\/h3>\n<ul>\n<li><strong>Smart Talk Award &#8211; 1. Auflage:<\/strong> Der Preis wird in die R\u00e4umlichkeiten des Gewinners geliefert. Eine prestigetr\u00e4chtige und bedeutende Anerkennung: f\u00fchrender Nachhaltigkeitspreis.<\/li>\n<li><strong>Sichtbarkeitspaket<\/strong>: Ver\u00f6ffentlichung von 1 Video (Smart Talk) und 1 Leitartikel im internationalen Portal Renewable Matter, einem Magazin, das auf Kreislaufwirtschaft und Bio\u00f6konomie spezialisiert ist.<\/li>\n<li><strong>Coaching<\/strong>: Accademia della Felicit\u00e0 bietet 2 Stunden Coaching zum Aufbau des Pers\u00f6nlichen Gesch\u00e4ftsmodells an. In diesen zwei Stunden werden wir das pers\u00f6nliche Gesch\u00e4ftsmodell als Instrument zur Schaffung von Werten und zur Weitergabe von Werten an Ihre Kunden und Ihr Team vorstellen und zeigen, wie Schl\u00fcsselpersonen im Unternehmen ihr Wertversprechen schaffen und an ein bestimmtes Publikum weitergeben. Anschlie\u00dfend werden wir uns mit den Hebeln f\u00fcr Unternehmen und F\u00fchrung besch\u00e4ftigen. Die Coaches, mit denen die Unternehmen zusammenarbeiten k\u00f6nnen, sind Micaela Terzi (Business Coach) und Ilenia La Leggia (Career and personal Coach). Der Dienst ist f\u00fcr eine Person pro Unternehmen reserviert.<\/li>\n<li><strong>Workshop zur biologischen Vielfalt:<\/strong> Teilnahme als Referent am nationalen Workshop zu den &#8220;Welttagen der kulturellen Vielfalt und der biologischen Vielfalt&#8221;, der 2018 ins Leben gerufen wurde und nun bereits zum vierten Mal stattfindet und f\u00fcr den 21. und 22. Mai 2021 geplant ist<\/li>\n<li><strong>Platinstand:<\/strong> kostenloser Stand w\u00e4hrend der zweiten Ausgabe der GECO 2022. Ziel ist es, die Kontinuit\u00e4t und Weiterentwicklung des Projekts zu f\u00f6rdern.<\/li>\n<li><strong>Runder Tisch GECO 2022:<\/strong> Redner bei einem runden Tisch im Rahmen des Programms der zweiten Ausgabe von GECO 2022.<\/li>\n<\/ul>\n<h3><span style=\"color: #28285b;\"><strong>Sonderpreise von Smart Talk-Partnern*<\/strong><\/span><\/h3>\n<p>*In dieser Kategorie wird der Preis von dem Partner vergeben, der den Preis auslobt.<\/p>\n<ul>\n<li><strong>UniCredit Start Lab Pack:<\/strong> Dieses Angebot richtet sich an Unternehmen, die bereits gegr\u00fcndet wurden und ein Produkt\/eine Dienstleistung haben, das\/die bereits vermarktet wird oder innerhalb von 6 Monaten vermarktet werden soll. Der Preis erm\u00f6glicht den Zugang zur Unternehmensplattform UniCredit Start Lab und beinhaltet:<br \/>\n\u2713 Zuweisung eines Mentors, der aus Fachleuten, Beratern, Unternehmern und UniCredit-Partnern f\u00fcr Innovation ausgew\u00e4hlt wird, f\u00fcr regelm\u00e4\u00dfige Gespr\u00e4che mit den Start-ups \u00fcber strategische und Wachstumsaspekte;<br \/>\n\u2713 Teilnahme an der von UniCredit Start Lab organisierten Startup Academy;<br \/>\n\u2713 Coaching-Programm durch das UniCredit Start Lab-Team;<br \/>\n\u2713 Beauftragung eines UniCredit Relationship Managers mit der Betreuung der Bankgesch\u00e4fte;<br \/>\n\u2713 f\u00fcr f\u00f6rderf\u00e4hige Start-ups, Organisation von Business Meetings mit UniCredit-Firmenkunden und potenziellen Investoren.<\/li>\n<li><strong>Bizplace Pack:<\/strong> Unterst\u00fctzung bei der Erstellung einer Pitch-Pr\u00e4sentation des Projekts, die auf Fundraising-Ma\u00dfnahmen f\u00fcr die Finanzierung und den Start des Projekts abzielt. Wenn das Startup ein Projekt in einem Sektor hat, der zu den Investorentypen des Bizplace-Netzwerks passt und sich in einem fortgeschrittenen Stadium der Gr\u00fcndung befindet, kann Bizplace den Gewinner unterst\u00fctzen, indem es den Pitch den Investoren seines Netzwerks vorstellt.<\/li>\n<li><strong>Guru-Marketing-Paket:<\/strong> Dieses Angebot richtet sich an bereits etablierte Unternehmen mit einem Produkt\/Dienstleistung, das bereits vermarktet wird oder innerhalb von 6 Monaten vermarktet werden soll.<br \/>\nDer Preis wird ein Weg zwischen Design und Markenidentit\u00e4t sein. Ein Markenhandbuch von <a href=\"https:\/\/guru.marketing\/\">Guru Marketing<\/a> mit seinen grafischen Anwendungen (Logo, visuelle Grafiken, Vorlagen). <strong>Eine visuelle und inhaltliche Neugestaltung<\/strong>, die auf das Zielpublikum ausgerichtet ist.<\/li>\n<\/ul>\n<p>&nbsp;<\/p>\n<p>Die Preisverleihung findet <strong>am 30. Januar 2021 um 17.00 Uhr im virtuellen Auditorium der Messe statt<\/strong>. Die Juroren und Redner der von der Jury vergebenen Smart Talks sowie das Messepublikum werden anwesend sein.<\/p>\n<p style=\"text-align: center;\">\n","protected":false},"excerpt":{"rendered":"<p>Bei den Smart Talks handelt es sich um kurze 3-min\u00fctige Videos, in denen Ideen und Projekte im Zusammenhang mit der guten und konstanten Praxis von NACHHALTIGKEIT und BIODIVERSIT\u00c4T vorgestellt werden. Sie werden am letzten Tag der GECO-Messe, dem 30. Januar 2021, von einer Expertenjury ausgezeichnet. GECO EXPO Auszeichnungen Smart Talk Award &#8211; 1. Auflage: Der [&hellip;]<\/p>\n","protected":false},"author":4,"featured_media":0,"parent":0,"menu_order":0,"comment_status":"closed","ping_status":"closed","template":"tpl-giuria.php","meta":[],"yoast_head":"<!-- This site is optimized with the Yoast SEO plugin v16.3 - https:\/\/yoast.com\/wordpress\/plugins\/seo\/ -->\n<meta name=\"description\" content=\"Partecipa al video contest di GECO &quot;Smart Talks per un progresso sostenibile&quot;. Scopri i premi e la giuria.\" \/>\n<meta name=\"robots\" content=\"index, follow, max-snippet:-1, max-image-preview:large, max-video-preview:-1\" \/>\n<link rel=\"canonical\" href=\"https:\/\/www.gecoexpo.com\/2021\/giuria-e-premi-smart-talk\/\" \/>\n<meta property=\"og:locale\" content=\"it_IT\" \/>\n<meta property=\"og:type\" content=\"article\" \/>\n<meta property=\"og:title\" content=\"Smart Talk Jury und Auszeichnungen - GECO\" \/>\n<meta property=\"og:description\" content=\"Partecipa al video contest di GECO &quot;Smart Talks per un progresso sostenibile&quot;. Scopri i premi e la giuria.\" \/>\n<meta property=\"og:url\" content=\"https:\/\/www.gecoexpo.com\/2021\/de\/giuria-e-premi-smart-talk\/\" \/>\n<meta property=\"og:site_name\" content=\"Geco, I edizione la fiera virtuale sulla sostenibilit&agrave;\" \/>\n<meta property=\"article:modified_time\" content=\"2021-11-02T12:01:46+00:00\" \/>\n<meta property=\"og:image\" content=\"https:\/\/www.gecoexpo.com\/2021\/wp-content\/uploads\/2020\/07\/Logo-Geco-web_Tavola-disegno-1.png\" \/>\n\t<meta property=\"og:image:width\" content=\"960\" \/>\n\t<meta property=\"og:image:height\" content=\"560\" \/>\n<meta name=\"twitter:card\" content=\"summary_large_image\" \/>\n<meta name=\"twitter:label1\" content=\"Tempo di lettura stimato\">\n\t<meta name=\"twitter:data1\" content=\"3 minuti\">\n<script type=\"application\/ld+json\" class=\"yoast-schema-graph\">{\"@context\":\"https:\/\/schema.org\",\"@graph\":[{\"@type\":\"WebSite\",\"@id\":\"https:\/\/www.gecoexpo.com\/2021\/#website\",\"url\":\"https:\/\/www.gecoexpo.com\/2021\/\",\"name\":\"Geco, I edizione la fiera virtuale sulla sostenibilit&agrave;\",\"description\":\"Green tourism, mobility &amp; energy expo\",\"potentialAction\":[{\"@type\":\"SearchAction\",\"target\":\"https:\/\/www.gecoexpo.com\/2021\/?s={search_term_string}\",\"query-input\":\"required name=search_term_string\"}],\"inLanguage\":\"it-IT\"},{\"@type\":\"WebPage\",\"@id\":\"https:\/\/www.gecoexpo.com\/2021\/de\/giuria-e-premi-smart-talk\/#webpage\",\"url\":\"https:\/\/www.gecoexpo.com\/2021\/de\/giuria-e-premi-smart-talk\/\",\"name\":\"Smart Talk Jury und Auszeichnungen - GECO\",\"isPartOf\":{\"@id\":\"https:\/\/www.gecoexpo.com\/2021\/#website\"},\"datePublished\":\"2021-01-05T12:43:29+00:00\",\"dateModified\":\"2021-11-02T12:01:46+00:00\",\"description\":\"Partecipa al video contest di GECO \\\"Smart Talks per un progresso sostenibile\\\". Scopri i premi e la giuria.\",\"breadcrumb\":{\"@id\":\"https:\/\/www.gecoexpo.com\/2021\/de\/giuria-e-premi-smart-talk\/#breadcrumb\"},\"inLanguage\":\"it-IT\",\"potentialAction\":[{\"@type\":\"ReadAction\",\"target\":[\"https:\/\/www.gecoexpo.com\/2021\/de\/giuria-e-premi-smart-talk\/\"]}]},{\"@type\":\"BreadcrumbList\",\"@id\":\"https:\/\/www.gecoexpo.com\/2021\/de\/giuria-e-premi-smart-talk\/#breadcrumb\",\"itemListElement\":[{\"@type\":\"ListItem\",\"position\":1,\"item\":{\"@type\":\"WebPage\",\"@id\":\"https:\/\/www.gecoexpo.com\/2021\/\",\"url\":\"https:\/\/www.gecoexpo.com\/2021\/\",\"name\":\"Home\"}},{\"@type\":\"ListItem\",\"position\":2,\"item\":{\"@id\":\"https:\/\/www.gecoexpo.com\/2021\/de\/giuria-e-premi-smart-talk\/#webpage\"}}]}]}<\/script>\n<!-- \/ Yoast SEO plugin. -->","_links":{"self":[{"href":"https:\/\/www.gecoexpo.com\/2021\/wp-json\/wp\/v2\/pages\/10040"}],"collection":[{"href":"https:\/\/www.gecoexpo.com\/2021\/wp-json\/wp\/v2\/pages"}],"about":[{"href":"https:\/\/www.gecoexpo.com\/2021\/wp-json\/wp\/v2\/types\/page"}],"author":[{"embeddable":true,"href":"https:\/\/www.gecoexpo.com\/2021\/wp-json\/wp\/v2\/users\/4"}],"replies":[{"embeddable":true,"href":"https:\/\/www.gecoexpo.com\/2021\/wp-json\/wp\/v2\/comments?post=10040"}],"version-history":[{"count":3,"href":"https:\/\/www.gecoexpo.com\/2021\/wp-json\/wp\/v2\/pages\/10040\/revisions"}],"predecessor-version":[{"id":10835,"href":"https:\/\/www.gecoexpo.com\/2021\/wp-json\/wp\/v2\/pages\/10040\/revisions\/10835"}],"wp:attachment":[{"href":"https:\/\/www.gecoexpo.com\/2021\/wp-json\/wp\/v2\/media?parent=10040"}],"curies":[{"name":"wp","href":"https:\/\/api.w.org\/{rel}","templated":true}]}}