{"id":1170,"date":"2020-09-09T14:28:25","date_gmt":"2020-09-09T12:28:25","guid":{"rendered":"http:\/\/www.gecoexpo.com\/2021\/?page_id=1170"},"modified":"2021-11-05T13:05:55","modified_gmt":"2021-11-05T12:05:55","slug":"comunicati-stampa-2021","status":"publish","type":"page","link":"https:\/\/www.gecoexpo.com\/2021\/comunicati-stampa-2021\/","title":{"rendered":"COMUNICATI STAMPA"},"content":{"rendered":"<h3 style=\"text-align: center;\"><a href=\"http:\/\/www.gecoexpo.com\/2021\/comunicati-stampa\/comunicato-i-numeri-di-geco-vincitori-smart-talk.pdf\" target=\"_blank\" rel=\"noopener noreferrer\"><strong>Comunicato stampa 02\/02\/2021<\/strong><\/a><\/h3>\n<h3 style=\"text-align: center;\"><a href=\"http:\/\/www.gecoexpo.com\/2021\/comunicati-stampa\/comunicato-al-via-GECO-25012021.pdf\" target=\"_blank\" rel=\"noopener noreferrer\"><strong>Comunicato stampa 25\/01\/2021<\/strong><\/a><\/h3>\n<h3 style=\"text-align: center;\"><a href=\"http:\/\/www.gecoexpo.com\/2021\/comunicati-stampa\/comunicato-stampa-GECO-11-01-21.pdf\" target=\"_blank\" rel=\"noopener noreferrer\"><strong>Comunicato stampa 11\/01\/2021<\/strong><\/a><\/h3>\n<h3 style=\"text-align: center;\"><a href=\"http:\/\/www.gecoexpo.com\/2021\/comunicati-stampa\/Comunicato-stampa-GECO-21_12_20.pdf\" target=\"_blank\" rel=\"noopener noreferrer\"><strong>Comunicato stampa 21\/12\/2020<\/strong><\/a><\/h3>\n<h3 style=\"text-align: center;\"><a href=\"http:\/\/www.gecoexpo.com\/2021\/comunicati-stampa\/Comunicato-stampa-GECO-11_09_2020.pdf\" target=\"_blank\" rel=\"noopener noreferrer\"><strong>Comunicato stampa 11\/09\/2020<\/strong><\/a><\/h3>\n<h4 style=\"text-align: center;\"><a href=\"https:\/\/drive.google.com\/drive\/folders\/1cGGKSmTvvuJL6ZbGVxCNI_-yPT-7HPv0?usp=sharing\" target=\"_blank\" rel=\"noopener noreferrer\"><strong>SCARICA MATERIALI STAMPA<\/strong><\/a><\/h4>\n","protected":false},"excerpt":{"rendered":"<p>Comunicato stampa 02\/02\/2021 Comunicato stampa 25\/01\/2021 Comunicato stampa 11\/01\/2021 Comunicato stampa 21\/12\/2020 Comunicato stampa 11\/09\/2020 SCARICA MATERIALI STAMPA<\/p>\n","protected":false},"author":4,"featured_media":0,"parent":0,"menu_order":0,"comment_status":"closed","ping_status":"closed","template":"","meta":[],"yoast_head":"<!-- This site is optimized with the Yoast SEO plugin v16.3 - https:\/\/yoast.com\/wordpress\/plugins\/seo\/ -->\n<meta name=\"description\" content=\"Rimani aggiornato su tutte le novit\u00e0 di GECO, la pi\u00f9 grande fiera virtuale sull&#039;ecoturismo, l&#039;energia e la mobilit\u00e0 in Italia. Scarica i nostri contenuti.\" \/>\n<meta name=\"robots\" content=\"index, follow, max-snippet:-1, max-image-preview:large, max-video-preview:-1\" \/>\n<link rel=\"canonical\" href=\"https:\/\/www.gecoexpo.com\/2021\/comunicati-stampa-2021\/\" \/>\n<meta property=\"og:locale\" content=\"it_IT\" \/>\n<meta property=\"og:type\" content=\"article\" \/>\n<meta property=\"og:title\" content=\"Tutti i comunicati stampa di Geco Expo\" \/>\n<meta property=\"og:description\" content=\"Rimani aggiornato su tutte le novit\u00e0 di GECO, la pi\u00f9 grande fiera virtuale sull&#039;ecoturismo, l&#039;energia e la mobilit\u00e0 in Italia. Scarica i nostri contenuti.\" \/>\n<meta property=\"og:url\" content=\"https:\/\/www.gecoexpo.com\/2021\/comunicati-stampa-2021\/\" \/>\n<meta property=\"og:site_name\" content=\"Geco, I edizione la fiera virtuale sulla sostenibilit&agrave;\" \/>\n<meta property=\"article:modified_time\" content=\"2021-11-05T12:05:55+00:00\" \/>\n<meta property=\"og:image\" content=\"https:\/\/www.gecoexpo.com\/2021\/wp-content\/uploads\/2020\/07\/Logo-Geco-web_Tavola-disegno-1.png\" \/>\n\t<meta property=\"og:image:width\" content=\"960\" \/>\n\t<meta property=\"og:image:height\" content=\"560\" \/>\n<meta name=\"twitter:card\" content=\"summary_large_image\" \/>\n<meta name=\"twitter:label1\" content=\"Tempo di lettura stimato\">\n\t<meta name=\"twitter:data1\" content=\"1 minuto\">\n<script type=\"application\/ld+json\" class=\"yoast-schema-graph\">{\"@context\":\"https:\/\/schema.org\",\"@graph\":[{\"@type\":\"WebSite\",\"@id\":\"https:\/\/www.gecoexpo.com\/2021\/#website\",\"url\":\"https:\/\/www.gecoexpo.com\/2021\/\",\"name\":\"Geco, I edizione la fiera virtuale sulla sostenibilit&agrave;\",\"description\":\"Green tourism, mobility &amp; energy expo\",\"potentialAction\":[{\"@type\":\"SearchAction\",\"target\":\"https:\/\/www.gecoexpo.com\/2021\/?s={search_term_string}\",\"query-input\":\"required name=search_term_string\"}],\"inLanguage\":\"it-IT\"},{\"@type\":\"WebPage\",\"@id\":\"https:\/\/www.gecoexpo.com\/2021\/comunicati-stampa-2021\/#webpage\",\"url\":\"https:\/\/www.gecoexpo.com\/2021\/comunicati-stampa-2021\/\",\"name\":\"Tutti i comunicati stampa di Geco Expo\",\"isPartOf\":{\"@id\":\"https:\/\/www.gecoexpo.com\/2021\/#website\"},\"datePublished\":\"2020-09-09T12:28:25+00:00\",\"dateModified\":\"2021-11-05T12:05:55+00:00\",\"description\":\"Rimani aggiornato su tutte le novit\\u00e0 di GECO, la pi\\u00f9 grande fiera virtuale sull'ecoturismo, l'energia e la mobilit\\u00e0 in Italia. Scarica i nostri contenuti.\",\"breadcrumb\":{\"@id\":\"https:\/\/www.gecoexpo.com\/2021\/comunicati-stampa-2021\/#breadcrumb\"},\"inLanguage\":\"it-IT\",\"potentialAction\":[{\"@type\":\"ReadAction\",\"target\":[\"https:\/\/www.gecoexpo.com\/2021\/comunicati-stampa-2021\/\"]}]},{\"@type\":\"BreadcrumbList\",\"@id\":\"https:\/\/www.gecoexpo.com\/2021\/comunicati-stampa-2021\/#breadcrumb\",\"itemListElement\":[{\"@type\":\"ListItem\",\"position\":1,\"item\":{\"@type\":\"WebPage\",\"@id\":\"https:\/\/www.gecoexpo.com\/2021\/\",\"url\":\"https:\/\/www.gecoexpo.com\/2021\/\",\"name\":\"Home\"}},{\"@type\":\"ListItem\",\"position\":2,\"item\":{\"@id\":\"https:\/\/www.gecoexpo.com\/2021\/comunicati-stampa-2021\/#webpage\"}}]}]}<\/script>\n<!-- \/ Yoast SEO plugin. -->","_links":{"self":[{"href":"https:\/\/www.gecoexpo.com\/2021\/wp-json\/wp\/v2\/pages\/1170"}],"collection":[{"href":"https:\/\/www.gecoexpo.com\/2021\/wp-json\/wp\/v2\/pages"}],"about":[{"href":"https:\/\/www.gecoexpo.com\/2021\/wp-json\/wp\/v2\/types\/page"}],"author":[{"embeddable":true,"href":"https:\/\/www.gecoexpo.com\/2021\/wp-json\/wp\/v2\/users\/4"}],"replies":[{"embeddable":true,"href":"https:\/\/www.gecoexpo.com\/2021\/wp-json\/wp\/v2\/comments?post=1170"}],"version-history":[{"count":17,"href":"https:\/\/www.gecoexpo.com\/2021\/wp-json\/wp\/v2\/pages\/1170\/revisions"}],"predecessor-version":[{"id":6777,"href":"https:\/\/www.gecoexpo.com\/2021\/wp-json\/wp\/v2\/pages\/1170\/revisions\/6777"}],"wp:attachment":[{"href":"https:\/\/www.gecoexpo.com\/2021\/wp-json\/wp\/v2\/media?parent=1170"}],"curies":[{"name":"wp","href":"https:\/\/api.w.org\/{rel}","templated":true}]}}