{"id":2118,"date":"2020-10-13T00:26:08","date_gmt":"2020-10-12T22:26:08","guid":{"rendered":"http:\/\/www.gecoexpo.com\/2021\/?page_id=2118"},"modified":"2020-10-13T00:26:08","modified_gmt":"2020-10-12T22:26:08","slug":"privacy-policy-visitatore-e-buyer","status":"publish","type":"page","link":"https:\/\/www.gecoexpo.com\/2021\/privacy-policy-visitatore-e-buyer\/","title":{"rendered":"Privacy Policy Visitatore e Buyer"},"content":{"rendered":"<p style=\"text-align: center;\"><strong><u>Informativa ai sensi degli articoli 13 e 14 e ss Reg. UE 679\/2016 (c.d. \u201cGDPR\u201d)<\/u><\/strong><\/p>\n<p style=\"text-align: center;\"><strong><u>da parte di SMART EVENTI S.R.L.<\/u><\/strong><\/p>\n<p>Ai sensi degli articoli 13 e 14 del Regolamento Privacy UE 679\/2016 (c.d. \u201cGDPR\u201d) La informiamo che i dati personali da Lei forniti in qualit\u00e0 di visitatore (da intendersi come persona fisica) o buyer (da intendersi come operatore professionale) alla nostra societ\u00e0 <strong>SMART EVENTI S.R.L.<\/strong>, C.F. e P.I. 06997310963, con sede legale in 20131 Milano (MI), Viale Abruzzi n. 37, in persona del legale rappresentante\u00a0<em>pro tempore<\/em>, in occasione ed ai fini della partecipazione alla Fiera virtuale denominata GECO ed agli eventi ad essa connessi quali Tavole Rotonde e Smart Talk, raccolti in sede di registrazione sul sito di riferimento, saranno trattati nel rispetto dei principi di liceit\u00e0, equit\u00e0, correttezza, proporzionalit\u00e0, necessit\u00e0, esattezza, completezza e sicurezza e degli altri obblighi normativi vigenti.<\/p>\n<p><strong><u>1.FINALITA\u2019 DEL TRATTAMENTO.<\/u><\/strong><\/p>\n<p>Il trattamento dei dati personali avverr\u00e0 per le seguenti finalit\u00e0 e sulle seguenti basi giuridiche:<\/p>\n<p>i) <strong>Adempimento degli obblighi contrattuali<\/strong>: si fa riferimento ai dati acquisiti in fase di registrazione al sito che potranno essere oggetto di trattamento da parte del Titolare per la finalit\u00e0 di consentire al visitatore e\/o al buyer di accedere al sito medesimo, anche in aree agli stessi riservate, per attivit\u00e0 strettamente connesse con lo svolgimento dei servizi e delle attivit\u00e0 della Fiera GECO e all\u2019adempimento degli obblighi derivanti dalla partecipazione virtuale alla Fiera GECO ed agli eventi quali Tavole Rotonde e Smart Talks ad essa connessi. Il contratto costituisce la base giuridica del trattamento. Dopo la cessazione del contratto, la base giuridica \u00e8 l\u2019adempimento degli obblighi previste dalla legge. Il trattamento relativo a tali finalit\u00e0 ha la sua base giuridica nella nostra necessit\u00e0 di adempiere agli obblighi assunti tramite la registrazione e il contratto con stipulato al momento della registrazione e\/o agli obblighi di legge ad esso connessi. Tale trattamento non richiede un suo preventivo consenso e Lei \u00e8 libero di non conferire i suoi dati, tuttavia, in tal caso, non potremo accettare la registrazione e stipulare il contratto e\/o potremo adempiere agli obblighi di legge.<\/p>\n<p>ii) <strong>Finalit\u00e0 promozionali<\/strong>: per lo svolgimento di attivit\u00e0 promozionale, tramite invio di newsletter, comunicazioni commerciali, pubblicit\u00e0 e offerta di vendita di prodotti\/servizi di SMART EVENTI S.R.L. La base giuridica del trattamento \u00e8 il consenso, pertanto l\u2019eventuale rifiuto a fornirli, in tutto o in parte, ovvero la mancata autorizzazione al loro trattamento e\/o alla loro comunicazione a terzi coinvolti nello svolgimento dell\u2019attivit\u00e0 promozionale da parte di SMART EVENTI S.R.L. pu\u00f2 avere come conseguenza l\u2019impossibilit\u00e0 da parte di SMART EVENTI S.R.L. di dar corso all\u2019attivit\u00e0 promozionale e di partecipazione alla fiera.<\/p>\n<p>iii) <strong>Finalit\u00e0 promozionali di ulteriori manifestazioni fieristiche<\/strong>: comunicazioni commerciali per posta, telefono, sistemi automatizzati di chiamata, fax, e-mail, sms, mms, su ulteriori manifestazioni fieristiche comunicazione dei dati ad altre societ\u00e0, quali organizzatori, espositori, allestitori, operatori qualificati coinvolti nelle manifestazioni fieristiche od operanti anche in altri settori, sponsor e fornitori di Smart Eventi S.r.l. per loro autonomi trattamenti, quali titolari. La base giuridica del trattamento \u00e8 il consenso, pertanto l\u2019eventuale rifiuto a fornirli, in tutto o in parte, ovvero la mancata autorizzazione al loro trattamento e\/o alla loro comunicazione a terzi coinvolti nello svolgimento dell\u2019attivit\u00e0 promozionale da parte di SMART EVENTI S.R.L. pu\u00f2 avere come conseguenza l\u2019impossibilit\u00e0 da parte di SMART EVENTI S.R.L. di dar corso all\u2019attivit\u00e0 promozionale e di partecipazione alla fiera.<\/p>\n<p>iv) <strong>Finalit\u00e0 di legge<\/strong>:\u00a0per adempiere agli obblighi legali conseguenti.<\/p>\n<p><strong><u>2.MODALITA\u2019 DEL TRATTAMENTO.<\/u><\/strong><\/p>\n<p>Il trattamento dei citati dati avverr\u00e0 da parte di incaricati e di responsabili individuati formalmente che utilizzeranno strumenti e supporti \u2013 cartacei, magnetici, informatici o telematici \u2013 idonei a garantirne la sicurezza e la riservatezza. Il trattamento potr\u00e0 essere effettuato anche attraverso strumenti automatizzati atti a memorizzare, gestire e trasmettere per via telematica i dati stessi.<\/p>\n<p><strong><u>3.DIRITTI DELL\u2019INTERESSATO.<\/u><\/strong><\/p>\n<p>3.1 Relativamente ai dati personali Lei, in qualit\u00e0 di interessato, potr\u00e0, mediante invio di comunicazione scritta a mezzo mail al seguente indirizzo:\u00a0<a href=\"mailto:privacy@smarteventi.it\">privacy@smarteventi.it<\/a>\u00a0a SMART EVENTI S.R.L., con sede legale in 20131 Milano (MI), viale Abruzzi n. 37, in persona del legale rappresentante<em>\u00a0pro tempore<\/em>:<\/p>\n<p>\u2013 chiedere alla SMART EVENTI S.R.L., quale titolare del trattamento, l\u2019accesso ai suoi dati personali, la rettifica o la cancellazione degli stessi, o la limitazione del trattamento o di opporsi al trattamento (ex artt. 15, 16, 17, 18, 19, 21 \u00a0Reg. Ue 679\/2016). In particolare:<\/p>\n<p>* per quanto attiene alla rettifica dei dati personali, tenuto conto delle finalit\u00e0 del trattamento, Lei ha il diritto di ottenere l\u2019integrazione dei dati personali incompleti, anche fornendo una dichiarazione integrativa;<\/p>\n<p>* per quanto attiene alla limitazione del trattamento, Lei ha il diritto di ottenerla quando ricorre una delle seguenti ipotesi: a) Lei contesta l\u2019esattezza dei dati personali, per il periodo necessario a SMART EVENTI S.R.L. per verificare l\u2019esattezza di tali dati personali; b) il trattamento \u00e8 illecito e Lei si oppone alla cancellazione dei dati personali e chiede invece che ne sia limitato l\u2019utilizzo; c) bench\u00e9 la SMART EVENTI S.R.L. non ne abbia pi\u00f9 bisogno ai fini del trattamento, i dati personali sono a Lei necessari per l\u2019accertamento, l\u2019esercizio o la difesa di un diritto in sede giudiziaria;<\/p>\n<p>* per quanto attiene alla cancellazione dei dati personali senza ingiustificato ritardo, Lei ha il diritto di ottenerla quando ricorre uno dei seguenti motivi: a) i dati personali non sono pi\u00f9 necessari rispetto alle finalit\u00e0 per le quali sono stati raccolti o altrimenti trattati; b) Lei, in qualit\u00e0 di interessato, revoca il consenso su cui si basa il trattamento e se non sussiste altro fondamento giuridico per il trattamento; c) i dati personali sono stati trattati illecitamente; d)\u00a0\u00a0\u00a0\u00a0\u00a0\u00a0\u00a0\u00a0 i dati personali devono essere cancellati per adempiere un obbligo legale previsto dal diritto dell\u2019Unione o dello Stato membro cui \u00e8 soggetta la SMART EVENTI S.R.L.;<\/p>\n<p>\u2013 ricevere in un formato strutturato, di uso comune e leggibile da dispositivo automatico i dati personali che La riguardano forniti a un titolare del trattamento e avr\u00e0 il diritto di trasmettere tali dati a un altro titolare del trattamento senza impedimenti da parte della SMART EVENTI S.R.L. (c.d. \u201cdiritto alla portabilit\u00e0 dei dati\u201d ex art. 20 Reg. Ue 679\/2016);<\/p>\n<p>\u2013 revocare il consenso in qualsiasi momento senza pregiudicare la liceit\u00e0 del trattamento basata sul consenso prestato prima della revoca (ex art. 8, par. 3, Reg. UE 679\/2016).<\/p>\n<p>3.2 I\u00a0Suoi dati personali non verranno diffusi e non vengono trasferiti a Paesi terzi od organizzazioni internazionali.<\/p>\n<p><strong><u>4.TITOLARE \u2013 RESPONSABILI ESTERNI DEL TRATTAMENTO DEI DATI PERSONALI.<\/u><\/strong><\/p>\n<p>Titolare del trattamento dei dati personali \u00e8 la\u00a0<strong>SMART EVENTI S.R.L.<\/strong>, C.F. e P.I. 06997310963, con sede legale in 20131 Milano (MI), viale Abruzzi n. 37, in persona del legale rappresentante pro tempore, che pu\u00f2 essere contattata al seguente indirizzo:\u00a0<a href=\"mailto:privacy@smarteventi.it\">privacy@smarteventi.it<\/a>.<\/p>\n<p>Responsabili esterni del trattamento sono:<\/p>\n<p>\u2013 partner di cui si avvale SMART EVENTI per l\u2019erogazione di servizi ai Clienti (per es. sviluppo \/ manutenzione siti, applicazioni, gestionale, software contabilit\u00e0 e\u00a0di invio newsletter<u>).<\/u><\/p>\n<p><strong><u>5.COMUNICAZIONE DEL TRATTAMENTO.<\/u><\/strong><\/p>\n<p>Ferme restando le comunicazioni effettuate in esecuzione di obblighi di legge, i suoi dati personali potranno essere comunicati a:<\/p>\n<p>\u2013 Dipendenti \/ collaboratori di SMART EVENTI;<br \/>\n\u2013 partner di cui si avvale SMART EVENTI per l\u2019erogazione di servizi ai Clienti (per es. sviluppo \/ manutenzione siti, applicazioni, gestionale, software contabilit\u00e0 e\u00a0di invio) ed Espositori della Fiera;<\/p>\n<p><strong><u>6.PERIODO DI CONSERVAZIONE DEI DATI.<\/u><\/strong><\/p>\n<p>I dati personali (comuni) da Lei forniti saranno conservati in una forma che consenta la Sua identificazione, in qualit\u00e0 di interessato:<\/p>\n<p>\u2013 per un arco di tempo non superiore al conseguimento della finalit\u00e0\u00a0<strong>contrattuale<\/strong>\u00a0sub. articolo 1 lettera (i)\u00a0 per la quale gli stessi sono trattati, salvo l\u2019adempimento di obblighi legali;<\/p>\n<p>\u2013 sino alla revoca del consenso per la finalit\u00e0 promozionale sub. articolo 1 lettere (ii) e (iii), per la quale gli stessi sono trattati, salvo l\u2019adempimento di eventuali obblighi legali.<\/p>\n<p>Non esiste un sistema di automatizzato per la cancellazione dei dati personali al termine del periodo di conservazione, posto che la cancellazione degli stessi avviene manualmente, una volta adempiute le obbligazioni di legge conseguenti la cessazione del contratto.<\/p>\n<p><strong><u>7.RECLAMO<\/u><\/strong><\/p>\n<p>Ove ritenga che il trattamento violi il Reg. UE 679\/2016, Lei ha il diritto di proporre reclamo a un\u2019autorit\u00e0 di controllo, segnatamente nello Stato membro in cui risiede abitualmente, lavora oppure del luogo ove si \u00e8 verificata la presunta violazione.<\/p>\n<p>&nbsp;<\/p>\n","protected":false},"excerpt":{"rendered":"<p>Informativa ai sensi degli articoli 13 e 14 e ss Reg. UE 679\/2016 (c.d. \u201cGDPR\u201d) da parte di SMART EVENTI S.R.L. Ai sensi degli articoli 13 e 14 del Regolamento Privacy UE 679\/2016 (c.d. \u201cGDPR\u201d) La informiamo che i dati personali da Lei forniti in qualit\u00e0 di visitatore (da intendersi come persona fisica) o buyer [&hellip;]<\/p>\n","protected":false},"author":2,"featured_media":0,"parent":0,"menu_order":0,"comment_status":"closed","ping_status":"closed","template":"","meta":[],"yoast_head":"<!-- This site is optimized with the Yoast SEO plugin v16.3 - https:\/\/yoast.com\/wordpress\/plugins\/seo\/ -->\n<meta name=\"robots\" content=\"index, follow, max-snippet:-1, max-image-preview:large, max-video-preview:-1\" \/>\n<link rel=\"canonical\" href=\"http:\/\/www.gecoexpo.com\/2021\/privacy-policy-visitatore-e-buyer\/\" \/>\n<meta property=\"og:locale\" content=\"it_IT\" \/>\n<meta property=\"og:type\" content=\"article\" \/>\n<meta property=\"og:title\" content=\"Privacy Policy Visitatore e Buyer - Geco, I edizione la fiera virtuale sulla sostenibilit&agrave;\" \/>\n<meta property=\"og:description\" content=\"Informativa ai sensi degli articoli 13 e 14 e ss Reg. UE 679\/2016 (c.d. \u201cGDPR\u201d) da parte di SMART EVENTI S.R.L. Ai sensi degli articoli 13 e 14 del Regolamento Privacy UE 679\/2016 (c.d. \u201cGDPR\u201d) La informiamo che i dati personali da Lei forniti in qualit\u00e0 di visitatore (da intendersi come persona fisica) o buyer [&hellip;]\" \/>\n<meta property=\"og:url\" content=\"http:\/\/www.gecoexpo.com\/2021\/privacy-policy-visitatore-e-buyer\/\" \/>\n<meta property=\"og:site_name\" content=\"Geco, I edizione la fiera virtuale sulla sostenibilit&agrave;\" \/>\n<meta property=\"og:image\" content=\"https:\/\/www.gecoexpo.com\/2021\/wp-content\/uploads\/2020\/07\/Logo-Geco-web_Tavola-disegno-1.png\" \/>\n\t<meta property=\"og:image:width\" content=\"960\" \/>\n\t<meta property=\"og:image:height\" content=\"560\" \/>\n<meta name=\"twitter:card\" content=\"summary_large_image\" \/>\n<meta name=\"twitter:label1\" content=\"Tempo di lettura stimato\">\n\t<meta name=\"twitter:data1\" content=\"7 minuti\">\n<script type=\"application\/ld+json\" class=\"yoast-schema-graph\">{\"@context\":\"https:\/\/schema.org\",\"@graph\":[{\"@type\":\"WebSite\",\"@id\":\"https:\/\/www.gecoexpo.com\/2021\/#website\",\"url\":\"https:\/\/www.gecoexpo.com\/2021\/\",\"name\":\"Geco, I edizione la fiera virtuale sulla sostenibilit&agrave;\",\"description\":\"Green tourism, mobility &amp; energy expo\",\"potentialAction\":[{\"@type\":\"SearchAction\",\"target\":\"https:\/\/www.gecoexpo.com\/2021\/?s={search_term_string}\",\"query-input\":\"required name=search_term_string\"}],\"inLanguage\":\"it-IT\"},{\"@type\":\"WebPage\",\"@id\":\"http:\/\/www.gecoexpo.com\/2021\/privacy-policy-visitatore-e-buyer\/#webpage\",\"url\":\"http:\/\/www.gecoexpo.com\/2021\/privacy-policy-visitatore-e-buyer\/\",\"name\":\"Privacy Policy Visitatore e Buyer - Geco, I edizione la fiera virtuale sulla sostenibilit&agrave;\",\"isPartOf\":{\"@id\":\"https:\/\/www.gecoexpo.com\/2021\/#website\"},\"datePublished\":\"2020-10-12T22:26:08+00:00\",\"dateModified\":\"2020-10-12T22:26:08+00:00\",\"breadcrumb\":{\"@id\":\"http:\/\/www.gecoexpo.com\/2021\/privacy-policy-visitatore-e-buyer\/#breadcrumb\"},\"inLanguage\":\"it-IT\",\"potentialAction\":[{\"@type\":\"ReadAction\",\"target\":[\"http:\/\/www.gecoexpo.com\/2021\/privacy-policy-visitatore-e-buyer\/\"]}]},{\"@type\":\"BreadcrumbList\",\"@id\":\"http:\/\/www.gecoexpo.com\/2021\/privacy-policy-visitatore-e-buyer\/#breadcrumb\",\"itemListElement\":[{\"@type\":\"ListItem\",\"position\":1,\"item\":{\"@type\":\"WebPage\",\"@id\":\"https:\/\/www.gecoexpo.com\/2021\/\",\"url\":\"https:\/\/www.gecoexpo.com\/2021\/\",\"name\":\"Home\"}},{\"@type\":\"ListItem\",\"position\":2,\"item\":{\"@id\":\"http:\/\/www.gecoexpo.com\/2021\/privacy-policy-visitatore-e-buyer\/#webpage\"}}]}]}<\/script>\n<!-- \/ Yoast SEO plugin. -->","_links":{"self":[{"href":"https:\/\/www.gecoexpo.com\/2021\/wp-json\/wp\/v2\/pages\/2118"}],"collection":[{"href":"https:\/\/www.gecoexpo.com\/2021\/wp-json\/wp\/v2\/pages"}],"about":[{"href":"https:\/\/www.gecoexpo.com\/2021\/wp-json\/wp\/v2\/types\/page"}],"author":[{"embeddable":true,"href":"https:\/\/www.gecoexpo.com\/2021\/wp-json\/wp\/v2\/users\/2"}],"replies":[{"embeddable":true,"href":"https:\/\/www.gecoexpo.com\/2021\/wp-json\/wp\/v2\/comments?post=2118"}],"version-history":[{"count":1,"href":"https:\/\/www.gecoexpo.com\/2021\/wp-json\/wp\/v2\/pages\/2118\/revisions"}],"predecessor-version":[{"id":2119,"href":"https:\/\/www.gecoexpo.com\/2021\/wp-json\/wp\/v2\/pages\/2118\/revisions\/2119"}],"wp:attachment":[{"href":"https:\/\/www.gecoexpo.com\/2021\/wp-json\/wp\/v2\/media?parent=2118"}],"curies":[{"name":"wp","href":"https:\/\/api.w.org\/{rel}","templated":true}]}}