{"id":3299,"date":"2020-11-25T15:47:36","date_gmt":"2020-11-25T14:47:36","guid":{"rendered":"http:\/\/www.gecoexpo.com\/2021\/?page_id=3299"},"modified":"2021-10-29T18:13:20","modified_gmt":"2021-10-29T16:13:20","slug":"smart-talk-video-contest","status":"publish","type":"page","link":"https:\/\/www.gecoexpo.com\/2021\/smart-talk-video-contest\/","title":{"rendered":"Smart Talk Video Contest"},"content":{"rendered":"<h3><span style=\"color: #28285b;\"><strong>COSA SONO GLI SMART TALK<\/strong><\/span><\/h3>\n<p><strong>Brevi video di 3 minuti<\/strong>, che nascono dalla volont\u00e0 di <strong>promuovere \u00a0idee e progetti legati alla buona e costante pratica della SOSTENIBILIT\u00c0 e della BIODIVERSIT\u00c0 a livello individuale e\/o di gruppo-team<\/strong> nella quotidianit\u00e0, in citt\u00e0, \u00a0in vacanza, in viaggio, nei luoghi di lavoro, nel pubblico, nel privato.<\/p>\n<p>Gli <strong>Smart Talk<\/strong> che meglio rappresentano e comunicano un\u2019idea o un progetto sostenibile e\/o biodiverso\u00a0 <strong>saranno premiati\u00a0 da una giuria di esperti nella giornata conclusiva della fiera GECO, il 30 gennaio 2021<\/strong>. La finalit\u00e0 \u00e8 un cambiamento sostenibile, biodiverso\u00a0 individuale e collettivo per il\u00a0 presente e il futuro del nostro pianeta,\u00a0 delle nostre citt\u00e0, della societ\u00e0, dell\u2019economia in generale, dell\u2019industria. <strong>La partecipazione \u00e8 gratuita<\/strong>.<\/p>\n<p><img loading=\"lazy\" class=\"aligncenter wp-image-3404 size-full\" src=\"http:\/\/www.gecoexpo.com\/2021\/wp-content\/uploads\/2020\/11\/smart-talk-video-contest.gif\" alt=\"\" width=\"1440\" height=\"810\" \/><\/p>\n<p>&nbsp;<\/p>\n<h3><span style=\"color: #28285b;\"><strong>COSA INTENDIAMO PER SOSTENIBILIT<\/strong><strong>\u00c0<\/strong><\/span><\/h3>\n<p>Si intende il\u00a0<strong> processo di cambiamento e di sviluppo ambientale<\/strong>, economico, sociale volto a soddisfare i bisogni delle generazioni presenti senza compromettere la vita e la disponibilit\u00e0 di risorse delle generazioni future, ottemperando e contribuendo in modalit\u00e0 individuale e collettiva al raggiungimento degli <strong>obiettivi sostenibili dell\u2019agenda 2030<\/strong> nel breve-medio-lungo termine.<\/p>\n<p>La sostenibilit\u00e0 rappresenta una sfida umana, sociale, culturale che coinvolge il diritto internazionale e nazionale, il sistema politico, economico, energetico, tecnologico, architettonico, urbanistico, agricolo, la produzione industriale, artigianale, i trasporti, gli stili di vita locali, collettivi, \u00a0individuali e il consumo critico, per garantire un\u2019economia circolare di condivisione, collaborativa, la valorizzazione e il rispetto delle nostre risorse, delle nostre citt\u00e0, dei nostri luoghi e ambienti abitativi, del nostro vivere quotidiano.<\/p>\n<h3><span style=\"color: #28285b;\"><strong>COSA INTENDIAMO PER BIODIVERSIT<\/strong><strong>\u00c0<\/strong><\/span><\/h3>\n<p>La <strong>biodiversit\u00e0 \u00e8 espressione e tutela \u00a0della variet\u00e0 degli organismi viventi a tutti i livelli<\/strong>, e dei sistemi ecologici di cui fanno parte; ci\u00f2 include il rispetto e la valorizzazione delle diversit\u00e0 all&#8217;interno delle specie animale, vegetale, umana e tra le specie, e il rispetto e la valorizzazione della variet\u00e0 degli ecosistemi, delle comunit\u00e0 e degli organismi viventi presenti in un particolare habitat.<br \/>\nLa biodiversit\u00e0 nelle organizzazioni quotidiane &#8211; scuola, casa, famiglia, parrocchia, ospedale, azienda, reparto, ufficio, studio professionale, carcere, quartiere ecc &#8211;\u00a0 \u00e8 il risultato di un processo evolutivo costante, in cui le persone si adattano all\u2019ambiente modificandolo grazie all\u2019interazione attiva in presenza e a distanza, mantenendo la loro specificit\u00e0 e identit\u00e0 nella <strong>multidimensionalit\u00e0, multiculturalit\u00e0, multidisciplinariet\u00e0<\/strong>. Ogni persona, con le sue azioni o non azioni quotidiane, \u00e8 in grado di garantire o pregiudicare l\u2019equilibrio dell\u2019habitat, \u00a0del contesto, dell\u2019ambiente, della citt\u00e0, dell\u2019organizzazione privata, pubblica, professionale, personale in cui\u00a0 vive e si muove. Avere un atteggiamento biodiverso vuol dire preoccuparsi di tutelare la diversit\u00e0 e l\u2019identit\u00e0 nell\u2019integrazione e nell\u2019innovazione.<\/p>\n<p>&nbsp;<\/p>\n<h3><span style=\"color: #28285b;\"><strong>CHI PUO\u2019 PROPORRE UNO SMART TALK<\/strong><\/span><\/h3>\n<p>1) <strong>Startup<\/strong> che hanno lanciato e stanno per lanciare nuovi progetti,\u00a0 <strong>aziende pubbliche<\/strong>, <strong>private<\/strong>,<strong> studi professionali<\/strong>, <strong>agenzie<\/strong>, <strong>destinazioni<\/strong>, <strong>enti di aggregazione territoriale nazionali e internazionali<\/strong>, che hanno gi\u00e0 realizzato casi di successo, oppure che stanno sviluppando nuovi progetti e desiderano farli conoscere a un ampio pubblico interessato.<br \/>\n2) <strong>Universit\u00e0, istituti, licei, scuole, studenti, giovani italiani e stranieri<\/strong> che hanno ideato o stanno ideando \u00a0iniziative e soluzioni sulle tematiche \u00a0\u201csostenibilit\u00e0\u201d e \u201cbiodiversit\u00e0\u201d.<\/p>\n<p>&nbsp;<\/p>\n<h3><span style=\"color: #28285b;\"><strong>DOVE VEDERE GLI SMART TALK<\/strong><\/span><\/h3>\n<p>All\u2019interno della fiera virtuale sar\u00e0 creata una specifica <strong>Smart Room<\/strong>, in cui gli\u00a0 Smart Talk video, \u00a0preventivamente visionati e selezionati dalla commissione di <strong>GECO<\/strong>, saranno visibili a tutti i visitatori e agli espositori nei tre giorni di\u00a0 fiera, in qualsiasi momento (H24).<\/p>\n<p>&nbsp;<\/p>\n<h3><span style=\"color: #28285b;\"><strong>COME PARTECIPARE AGLI SMART TALK<\/strong><\/span><\/h3>\n<p>I candidati italiani e stranieri, che dovranno essere maggiorenni, dovranno inviare un video della <strong>durata massima di 3 minuti<\/strong>,\u00a0 che riassuma il progetto, l\u2019idea, la soluzione, l\u2019attivit\u00e0, la proposta, la best practice in italiano e\/o in inglese.<\/p>\n<p><strong>I contributi video dovranno essere in linea con la pratica della SOSTENIBILIT\u00c0 e della BIODIVERSIT\u00c0<\/strong> a scelta nella quotidianit\u00e0, in vacanza, in viaggio, nei luoghi di lavoro, nel privato, e deve comunicare un messaggio di cambiamento sostenibile, biodiverso\u00a0 individuale e collettivo per il\u00a0 presente e il futuro che impatti sul nostro pianeta,\u00a0 sulle nostre citt\u00e0, sulla\u00a0 societ\u00e0, sull\u2019economia in generale, sull\u2019industria turistica e degli eventi.<\/p>\n<p>&nbsp;<\/p>\n<h3><strong><span style=\"color: #28285b;\">CRITERI DI PUNTEGGIO PER LA DETERMINAZIONE DEI VINCITORI<\/span><\/strong><\/h3>\n<p>Gli Smart Talk candidati vengono selezionati sulla base dei seguenti criteri:<\/p>\n<ul>\n<li>Fattibilit\u00e0<\/li>\n<li>Innovazione, originalit\u00e0 dell\u2019idea, progetto<\/li>\n<li>Impatto sostenibile e biodiverso<\/li>\n<li>Replicabilit\u00e0 del progetto e dell\u2019idea<\/li>\n<li>Capacit\u00e0 di coinvolgere fattivamente le persone<\/li>\n<\/ul>\n<p style=\"text-align: center;\"><p class=\"text-center custom-button\"><a class=\"btn btn-primary my-3\"  href=\"http:\/\/www.gecoexpo.com\/2021\/giuria-e-premi-smart-talk\/\" align=\"center\"><span>Scopri la giuria e i premi degli Smart Talk<\/span><\/a><\/p><\/p>\n<h3><strong><span style=\"color: #28285b;\">TERMINI DI PRESENTAZIONE<\/span><\/strong><\/h3>\n<p>La <strong>candidatura dello Smart Talk dovr\u00e0 essere presentata tassativamente \u00a0tra il 25\/11\/2020 e il \u00a015\/01\/2021<\/strong>. Ogni video, inviato entro e non oltre i termini indicati, verr\u00e0 sottoposto alla commissione prima dell\u2019evento, al fine di decretare i vincitori da parte della giuria.<\/p>\n<p>La <strong>Premiazione avverr\u00e0 il 30 Gennaio 2021, alle ore 17.00<\/strong>,<strong> nell\u2019auditorium virtuale della Fiera<\/strong>. Saranno presenti i giudici e i relatori degli Smart Talk premiati dalla giuria e dal pubblico della fiera.<br \/>\n<strong><a href=\"http:\/\/www.gecoexpo.com\/2021\/regolamento-smart-talk\/\">LEGGI IL REGOLAMENTO<\/a><\/strong><\/p>\n<h3><\/h3>\n","protected":false},"excerpt":{"rendered":"<p>COSA SONO GLI SMART TALK Brevi video di 3 minuti, che nascono dalla volont\u00e0 di promuovere \u00a0idee e progetti legati alla buona e costante pratica della SOSTENIBILIT\u00c0 e della BIODIVERSIT\u00c0 a livello individuale e\/o di gruppo-team nella quotidianit\u00e0, in citt\u00e0, \u00a0in vacanza, in viaggio, nei luoghi di lavoro, nel pubblico, nel privato. Gli Smart Talk [&hellip;]<\/p>\n","protected":false},"author":4,"featured_media":0,"parent":0,"menu_order":0,"comment_status":"closed","ping_status":"closed","template":"tpl-sponsor.php","meta":[],"yoast_head":"<!-- This site is optimized with the Yoast SEO plugin v16.3 - https:\/\/yoast.com\/wordpress\/plugins\/seo\/ -->\n<meta name=\"description\" content=\"Partecipa al video contest di GECO &quot;Smart Talks per un progresso sostenibile&quot;. Leggi il regolamento e presenta il tuo progetto green.\" \/>\n<meta name=\"robots\" content=\"index, follow, max-snippet:-1, max-image-preview:large, max-video-preview:-1\" \/>\n<link rel=\"canonical\" href=\"https:\/\/www.gecoexpo.com\/2021\/smart-talk-video-contest\/\" \/>\n<meta property=\"og:locale\" content=\"it_IT\" \/>\n<meta property=\"og:type\" content=\"article\" \/>\n<meta property=\"og:title\" content=\"Smart Talk Video Contest - GECO\" \/>\n<meta property=\"og:description\" content=\"Partecipa al video contest di GECO &quot;Smart Talks per un progresso sostenibile&quot;. Leggi il regolamento e presenta il tuo progetto green.\" \/>\n<meta property=\"og:url\" content=\"https:\/\/www.gecoexpo.com\/2021\/smart-talk-video-contest\/\" \/>\n<meta property=\"og:site_name\" content=\"Geco, I edizione la fiera virtuale sulla sostenibilit&agrave;\" \/>\n<meta property=\"article:modified_time\" content=\"2021-10-29T16:13:20+00:00\" \/>\n<meta property=\"og:image\" content=\"http:\/\/www.gecoexpo.com\/2021\/wp-content\/uploads\/2020\/11\/smart-talk-video-contest.gif\" \/>\n<meta name=\"twitter:card\" content=\"summary_large_image\" \/>\n<meta name=\"twitter:label1\" content=\"Tempo di lettura stimato\">\n\t<meta name=\"twitter:data1\" content=\"4 minuti\">\n<script type=\"application\/ld+json\" class=\"yoast-schema-graph\">{\"@context\":\"https:\/\/schema.org\",\"@graph\":[{\"@type\":\"WebSite\",\"@id\":\"https:\/\/www.gecoexpo.com\/2021\/#website\",\"url\":\"https:\/\/www.gecoexpo.com\/2021\/\",\"name\":\"Geco, I edizione la fiera virtuale sulla sostenibilit&agrave;\",\"description\":\"Green tourism, mobility &amp; energy expo\",\"potentialAction\":[{\"@type\":\"SearchAction\",\"target\":\"https:\/\/www.gecoexpo.com\/2021\/?s={search_term_string}\",\"query-input\":\"required name=search_term_string\"}],\"inLanguage\":\"it-IT\"},{\"@type\":\"ImageObject\",\"@id\":\"https:\/\/www.gecoexpo.com\/2021\/smart-talk-video-contest\/#primaryimage\",\"inLanguage\":\"it-IT\",\"url\":\"http:\/\/www.gecoexpo.com\/2021\/wp-content\/uploads\/2020\/11\/smart-talk-video-contest.gif\",\"contentUrl\":\"http:\/\/www.gecoexpo.com\/2021\/wp-content\/uploads\/2020\/11\/smart-talk-video-contest.gif\"},{\"@type\":\"WebPage\",\"@id\":\"https:\/\/www.gecoexpo.com\/2021\/smart-talk-video-contest\/#webpage\",\"url\":\"https:\/\/www.gecoexpo.com\/2021\/smart-talk-video-contest\/\",\"name\":\"Smart Talk Video Contest - GECO\",\"isPartOf\":{\"@id\":\"https:\/\/www.gecoexpo.com\/2021\/#website\"},\"primaryImageOfPage\":{\"@id\":\"https:\/\/www.gecoexpo.com\/2021\/smart-talk-video-contest\/#primaryimage\"},\"datePublished\":\"2020-11-25T14:47:36+00:00\",\"dateModified\":\"2021-10-29T16:13:20+00:00\",\"description\":\"Partecipa al video contest di GECO \\\"Smart Talks per un progresso sostenibile\\\". Leggi il regolamento e presenta il tuo progetto green.\",\"breadcrumb\":{\"@id\":\"https:\/\/www.gecoexpo.com\/2021\/smart-talk-video-contest\/#breadcrumb\"},\"inLanguage\":\"it-IT\",\"potentialAction\":[{\"@type\":\"ReadAction\",\"target\":[\"https:\/\/www.gecoexpo.com\/2021\/smart-talk-video-contest\/\"]}]},{\"@type\":\"BreadcrumbList\",\"@id\":\"https:\/\/www.gecoexpo.com\/2021\/smart-talk-video-contest\/#breadcrumb\",\"itemListElement\":[{\"@type\":\"ListItem\",\"position\":1,\"item\":{\"@type\":\"WebPage\",\"@id\":\"https:\/\/www.gecoexpo.com\/2021\/\",\"url\":\"https:\/\/www.gecoexpo.com\/2021\/\",\"name\":\"Home\"}},{\"@type\":\"ListItem\",\"position\":2,\"item\":{\"@id\":\"https:\/\/www.gecoexpo.com\/2021\/smart-talk-video-contest\/#webpage\"}}]}]}<\/script>\n<!-- \/ Yoast SEO plugin. -->","_links":{"self":[{"href":"https:\/\/www.gecoexpo.com\/2021\/wp-json\/wp\/v2\/pages\/3299"}],"collection":[{"href":"https:\/\/www.gecoexpo.com\/2021\/wp-json\/wp\/v2\/pages"}],"about":[{"href":"https:\/\/www.gecoexpo.com\/2021\/wp-json\/wp\/v2\/types\/page"}],"author":[{"embeddable":true,"href":"https:\/\/www.gecoexpo.com\/2021\/wp-json\/wp\/v2\/users\/4"}],"replies":[{"embeddable":true,"href":"https:\/\/www.gecoexpo.com\/2021\/wp-json\/wp\/v2\/comments?post=3299"}],"version-history":[{"count":74,"href":"https:\/\/www.gecoexpo.com\/2021\/wp-json\/wp\/v2\/pages\/3299\/revisions"}],"predecessor-version":[{"id":10809,"href":"https:\/\/www.gecoexpo.com\/2021\/wp-json\/wp\/v2\/pages\/3299\/revisions\/10809"}],"wp:attachment":[{"href":"https:\/\/www.gecoexpo.com\/2021\/wp-json\/wp\/v2\/media?parent=3299"}],"curies":[{"name":"wp","href":"https:\/\/api.w.org\/{rel}","templated":true}]}}

<h3><span style="color: #28285b;"><strong>COSA SONO GLI SMART TALK</strong></span></h3>
<p><strong>Brevi video di 3 minuti</strong>, che nascono dalla volontà di <strong>promuovere  idee e progetti legati alla buona e costante pratica della SOSTENIBILITÀ e della BIODIVERSITÀ a livello individuale e/o di gruppo-team</strong> nella quotidianità, in città,  in vacanza, in viaggio, nei luoghi di lavoro, nel pubblico, nel privato.</p>
<p>Gli <strong>Smart Talk</strong> che meglio rappresentano e comunicano un’idea o un progetto sostenibile e/o biodiverso  <strong>saranno premiati  da una giuria di esperti nella giornata conclusiva della fiera GECO, il 30 gennaio 2021</strong>. La finalità è un cambiamento sostenibile, biodiverso  individuale e collettivo per il  presente e il futuro del nostro pianeta,  delle nostre città, della società, dell’economia in generale, dell’industria. <strong>La partecipazione è gratuita</strong>.</p>
<p><img loading="lazy" class="aligncenter wp-image-3404 size-full" src="http://www.gecoexpo.com/2021/wp-content/uploads/2020/11/smart-talk-video-contest.gif" alt="" width="1440" height="810" /></p>
<p>&nbsp;</p>
<h3><span style="color: #28285b;"><strong>COSA INTENDIAMO PER SOSTENIBILIT</strong><strong>À</strong></span></h3>
<p>Si intende il <strong> processo di cambiamento e di sviluppo ambientale</strong>, economico, sociale volto a soddisfare i bisogni delle generazioni presenti senza compromettere la vita e la disponibilità di risorse delle generazioni future, ottemperando e contribuendo in modalità individuale e collettiva al raggiungimento degli <strong>obiettivi sostenibili dell’agenda 2030</strong> nel breve-medio-lungo termine.</p>
<p>La sostenibilità rappresenta una sfida umana, sociale, culturale che coinvolge il diritto internazionale e nazionale, il sistema politico, economico, energetico, tecnologico, architettonico, urbanistico, agricolo, la produzione industriale, artigianale, i trasporti, gli stili di vita locali, collettivi,  individuali e il consumo critico, per garantire un’economia circolare di condivisione, collaborativa, la valorizzazione e il rispetto delle nostre risorse, delle nostre città, dei nostri luoghi e ambienti abitativi, del nostro vivere quotidiano.</p>
<h3><span style="color: #28285b;"><strong>COSA INTENDIAMO PER BIODIVERSIT</strong><strong>À</strong></span></h3>
<p>La <strong>biodiversità è espressione e tutela  della varietà degli organismi viventi a tutti i livelli</strong>, e dei sistemi ecologici di cui fanno parte; ciò include il rispetto e la valorizzazione delle diversità all&#8217;interno delle specie animale, vegetale, umana e tra le specie, e il rispetto e la valorizzazione della varietà degli ecosistemi, delle comunità e degli organismi viventi presenti in un particolare habitat.<br />
La biodiversità nelle organizzazioni quotidiane &#8211; scuola, casa, famiglia, parrocchia, ospedale, azienda, reparto, ufficio, studio professionale, carcere, quartiere ecc &#8211;  è il risultato di un processo evolutivo costante, in cui le persone si adattano all’ambiente modificandolo grazie all’interazione attiva in presenza e a distanza, mantenendo la loro specificità e identità nella <strong>multidimensionalità, multiculturalità, multidisciplinarietà</strong>. Ogni persona, con le sue azioni o non azioni quotidiane, è in grado di garantire o pregiudicare l’equilibrio dell’habitat,  del contesto, dell’ambiente, della città, dell’organizzazione privata, pubblica, professionale, personale in cui  vive e si muove. Avere un atteggiamento biodiverso vuol dire preoccuparsi di tutelare la diversità e l’identità nell’integrazione e nell’innovazione.</p>
<p>&nbsp;</p>
<h3><span style="color: #28285b;"><strong>CHI PUO’ PROPORRE UNO SMART TALK</strong></span></h3>
<p>1) <strong>Startup</strong> che hanno lanciato e stanno per lanciare nuovi progetti,  <strong>aziende pubbliche</strong>, <strong>private</strong>,<strong> studi professionali</strong>, <strong>agenzie</strong>, <strong>destinazioni</strong>, <strong>enti di aggregazione territoriale nazionali e internazionali</strong>, che hanno già realizzato casi di successo, oppure che stanno sviluppando nuovi progetti e desiderano farli conoscere a un ampio pubblico interessato.<br />
2) <strong>Università, istituti, licei, scuole, studenti, giovani italiani e stranieri</strong> che hanno ideato o stanno ideando  iniziative e soluzioni sulle tematiche  “sostenibilità” e “biodiversità”.</p>
<p>&nbsp;</p>
<h3><span style="color: #28285b;"><strong>DOVE VEDERE GLI SMART TALK</strong></span></h3>
<p>All’interno della fiera virtuale sarà creata una specifica <strong>Smart Room</strong>, in cui gli  Smart Talk video,  preventivamente visionati e selezionati dalla commissione di <strong>GECO</strong>, saranno visibili a tutti i visitatori e agli espositori nei tre giorni di  fiera, in qualsiasi momento (H24).</p>
<p>&nbsp;</p>
<h3><span style="color: #28285b;"><strong>COME PARTECIPARE AGLI SMART TALK</strong></span></h3>
<p>I candidati italiani e stranieri, che dovranno essere maggiorenni, dovranno inviare un video della <strong>durata massima di 3 minuti</strong>,  che riassuma il progetto, l’idea, la soluzione, l’attività, la proposta, la best practice in italiano e/o in inglese.</p>
<p><strong>I contributi video dovranno essere in linea con la pratica della SOSTENIBILITÀ e della BIODIVERSITÀ</strong> a scelta nella quotidianità, in vacanza, in viaggio, nei luoghi di lavoro, nel privato, e deve comunicare un messaggio di cambiamento sostenibile, biodiverso  individuale e collettivo per il  presente e il futuro che impatti sul nostro pianeta,  sulle nostre città, sulla  società, sull’economia in generale, sull’industria turistica e degli eventi.</p>
<p>&nbsp;</p>
<h3><strong><span style="color: #28285b;">CRITERI DI PUNTEGGIO PER LA DETERMINAZIONE DEI VINCITORI</span></strong></h3>
<p>Gli Smart Talk candidati vengono selezionati sulla base dei seguenti criteri:</p>
<ul>
<li>Fattibilità</li>
<li>Innovazione, originalità dell’idea, progetto</li>
<li>Impatto sostenibile e biodiverso</li>
<li>Replicabilità del progetto e dell’idea</li>
<li>Capacità di coinvolgere fattivamente le persone</li>
</ul>
<p style="text-align: center;"><p class="text-center custom-button"><a class="btn btn-primary my-3"  href="http://www.gecoexpo.com/2021/giuria-e-premi-smart-talk/" align="center"><span>Scopri la giuria e i premi degli Smart Talk</span></a></p></p>
<h3><strong><span style="color: #28285b;">TERMINI DI PRESENTAZIONE</span></strong></h3>
<p>La <strong>candidatura dello Smart Talk dovrà essere presentata tassativamente  tra il 25/11/2020 e il  15/01/2021</strong>. Ogni video, inviato entro e non oltre i termini indicati, verrà sottoposto alla commissione prima dell’evento, al fine di decretare i vincitori da parte della giuria.</p>
<p>La <strong>Premiazione avverrà il 30 Gennaio 2021, alle ore 17.00</strong>,<strong> nell’auditorium virtuale della Fiera</strong>. Saranno presenti i giudici e i relatori degli Smart Talk premiati dalla giuria e dal pubblico della fiera.<br />
<strong><a href="http://www.gecoexpo.com/2021/regolamento-smart-talk/">LEGGI IL REGOLAMENTO</a></strong></p>
<h3></h3>

<p>COSA SONO GLI SMART TALK Brevi video di 3 minuti, che nascono dalla volontà di promuovere  idee e progetti legati alla buona e costante pratica della SOSTENIBILITÀ e della BIODIVERSITÀ a livello individuale e/o di gruppo-team nella quotidianità, in città,  in vacanza, in viaggio, nei luoghi di lavoro, nel pubblico, nel privato. Gli Smart Talk [&hellip;]</p>
