{"id":7750,"date":"2021-08-03T18:44:10","date_gmt":"2021-08-03T16:44:10","guid":{"rendered":"https:\/\/www.gecoexpo.com\/2021\/?page_id=7750"},"modified":"2021-11-02T13:02:31","modified_gmt":"2021-11-02T12:02:31","slug":"jurado-y-premios-smart-talk","status":"publish","type":"page","link":"https:\/\/www.gecoexpo.com\/2021\/es\/jurado-y-premios-smart-talk\/","title":{"rendered":"Jurado y Premios Smart Talk"},"content":{"rendered":"<p>Los <a href=\"https:\/\/www.gecoexpo.com\/smart-talk-video-contest\/\">Smart Talk<\/a> son v\u00eddeos cortos de 3 minutos que promueven ideas y proyectos relacionados con la buena y constante pr\u00e1ctica de la SOSTENIBILIDAD y la BIODIVERSIDAD, y ser\u00e1n premiadas por un jurado de expertos el d\u00eda de la clausura de la <strong>feria GECO<\/strong>, <strong>el 30 de enero de 2021<\/strong>.<\/p>\n<h3><\/h3>\n<h3>Premios GECO EXPO<\/h3>\n<ul>\n<li><strong>Premio Smart Talk &#8211; 1\u00aa edici\u00f3n<\/strong>: el premio se entregar\u00e1 en las instalaciones del ganador. Un reconocimiento prestigioso y significativo: premio a la sostenibilidad l\u00edder.<\/li>\n<li><strong>Paquete de visibilidad<\/strong>: publicaci\u00f3n de 1 v\u00eddeo (Smart talk) y 1 editorial en el portal internacional <strong><a href=\"https:\/\/www.renewablematter.eu\/\" target=\"_blank\" rel=\"noopener noreferrer\">Renewable Matter<\/a><\/strong>, revista especializada en econom\u00eda circular y bioeconom\u00eda.<\/li>\n<li><strong>Coaching<\/strong>: <strong><a href=\"https:\/\/www.accademiafelicita.it\/\">Accademia della Felicit\u00e0<\/a><\/strong> ofrece 2 horas de coaching sobre la construcci\u00f3n del Modelo de Negocio Personal. Durante estas dos horas presentaremos el modelo de negocio personal como herramienta para crear valor y transferirlo a sus clientes y a su equipo y c\u00f3mo las personas clave de la empresa crean y transfieren su promesa de valor a una audiencia espec\u00edfica. A continuaci\u00f3n, trabajaremos en las palancas empresariales y de liderazgo. Los coaches con los que podr\u00e1n trabajar las empresas son <a href=\"https:\/\/www.accademiafelicita.it\/chi-siamo\/\">Micaela Terzi<\/a> (Coach de negocios) e <a href=\"https:\/\/www.accademiafelicita.it\/chi-siamo\/\">Ilenia La Leggia<\/a> (Coach de carrera y personal). El servicio se reservar\u00e1 para una persona por empresa.<\/li>\n<li><strong>Taller sobre la biodiversidad<\/strong>: participaci\u00f3n como ponente en el taller nacional dedicado a los &#8220;D\u00edas Mundiales de la Diversidad Cultural y la Biodiversidad&#8221; nacido en 2018 y ahora en su cuarta edici\u00f3n y previsto para los d\u00edas 21 y 22 de mayo de 2021.<\/li>\n<li><strong>Stand de platino<\/strong>: stand gratuito durante la segunda edici\u00f3n de GECO 2022. El objetivo es fomentar la continuidad y la evoluci\u00f3n del proyecto.<\/li>\n<li><strong>Mesa redonda de GECO 2022<\/strong>: ponente en una mesa redonda del programa de la segunda edici\u00f3n de GECO 2022.<\/li>\n<\/ul>\n<p>&nbsp;<\/p>\n<h3>Premios especiales ofrecidos por los socios de Smart Talk*.<\/h3>\n<p>*Para esta categor\u00eda, el premio ser\u00e1 otorgado por el socio que ofrece el premio.<\/p>\n<ul>\n<li><strong>Pack UniCredit Start Lab<\/strong>: se ofrece a empresas ya establecidas con un producto\/servicio que ya se comercializa o se comercializar\u00e1 en un plazo de 6 meses. El premio dar\u00e1 acceso a la plataforma empresarial <strong>UniCredit Start Lab<\/strong>, e incluir\u00e1:<br \/>\n\u2713 Asignaci\u00f3n de un mentor elegido entre profesionales, consultores, emprendedores, socios de UniCredit en materia de innovaci\u00f3n, para que discuta peri\u00f3dicamente con las startups sobre aspectos estrat\u00e9gicos y de crecimiento;<br \/>\n\u2713 participaci\u00f3n en la Startup Academy organizada por UniCredit Start Lab;<br \/>\n\u2713 programa de coaching por parte del equipo de UniCredit Start Lab;<br \/>\n\u2713 asignaci\u00f3n de un gestor de relaciones de UniCredit para el seguimiento de las necesidades bancarias;<br \/>\n\u2713 para las empresas de nueva creaci\u00f3n que cumplan los requisitos, organizaci\u00f3n de encuentros empresariales con clientes corporativos de UniCredit y potenciales inversores.<\/li>\n<li><strong>Bizplace Pack<\/strong>: apoyo en la redacci\u00f3n de un pitch de presentaci\u00f3n del proyecto dirigido a operaciones de captaci\u00f3n de fondos para la financiaci\u00f3n y puesta en marcha del proyecto. Si la startup tiene un proyecto en un sector acorde con los tipos de inversores de la red <strong><a href=\"https:\/\/www.bizplace.it\/\" target=\"_blank\" rel=\"noopener noreferrer\">Bizplace<\/a><\/strong> y se encuentra en una fase avanzada de puesta en marcha, Bizplace puede apoyar al ganador presentando el pitch a los inversores de su red.<\/li>\n<li><strong>Guru Marketing Pack<\/strong>: se ofrece a empresas ya establecidas con un producto\/servicio que ya se comercializa o se comercializar\u00e1 en un plazo de 6 meses.<br \/>\nEl premio ser\u00e1 un camino entre el dise\u00f1o y la identidad de marca. Un manual de marca de <strong><a href=\"https:\/\/guru.marketing\/\" target=\"_blank\" rel=\"noopener noreferrer\">Guru Marketing<\/a><\/strong> con sus aplicaciones gr\u00e1ficas (logotipo, gr\u00e1ficos visuales, plantillas). Un <strong>restyling visual y de contenidos<\/strong>, dirigido al p\u00fablico objetivo.<\/li>\n<\/ul>\n<p>La <strong>ceremonia de entrega de premios tendr\u00e1 lugar el 30 de enero de 2021, a las 17 horas, en el auditorio virtual de la Feria<\/strong>. Estar\u00e1n presentes los jueces y ponentes de las Smart Talks premiadas por el jurado y el p\u00fablico de la feria.<\/p>\n<p style=\"text-align: center;\">\n","protected":false},"excerpt":{"rendered":"<p>Los Smart Talk son v\u00eddeos cortos de 3 minutos que promueven ideas y proyectos relacionados con la buena y constante pr\u00e1ctica de la SOSTENIBILIDAD y la BIODIVERSIDAD, y ser\u00e1n premiadas por un jurado de expertos el d\u00eda de la clausura de la feria GECO, el 30 de enero de 2021. Premios GECO EXPO Premio Smart [&hellip;]<\/p>\n","protected":false},"author":4105,"featured_media":0,"parent":0,"menu_order":0,"comment_status":"closed","ping_status":"closed","template":"tpl-giuria.php","meta":[],"yoast_head":"<!-- This site is optimized with the Yoast SEO plugin v16.3 - https:\/\/yoast.com\/wordpress\/plugins\/seo\/ -->\n<meta name=\"robots\" content=\"index, follow, max-snippet:-1, max-image-preview:large, max-video-preview:-1\" \/>\n<link rel=\"canonical\" href=\"https:\/\/www.gecoexpo.com\/2021\/jurado-y-premios-smart-talk\/\" \/>\n<meta property=\"og:locale\" content=\"it_IT\" \/>\n<meta property=\"og:type\" content=\"article\" \/>\n<meta property=\"og:title\" content=\"Jurado y Premios Smart Talk - Geco, I edizione la fiera virtuale sulla sostenibilit&agrave;\" \/>\n<meta property=\"og:description\" content=\"Los Smart Talk son v\u00eddeos cortos de 3 minutos que promueven ideas y proyectos relacionados con la buena y constante pr\u00e1ctica de la SOSTENIBILIDAD y la BIODIVERSIDAD, y ser\u00e1n premiadas por un jurado de expertos el d\u00eda de la clausura de la feria GECO, el 30 de enero de 2021. Premios GECO EXPO Premio Smart [&hellip;]\" \/>\n<meta property=\"og:url\" content=\"https:\/\/www.gecoexpo.com\/2021\/es\/jurado-y-premios-smart-talk\/\" \/>\n<meta property=\"og:site_name\" content=\"Geco, I edizione la fiera virtuale sulla sostenibilit&agrave;\" \/>\n<meta property=\"article:modified_time\" content=\"2021-11-02T12:02:31+00:00\" \/>\n<meta property=\"og:image\" content=\"https:\/\/www.gecoexpo.com\/2021\/wp-content\/uploads\/2020\/07\/Logo-Geco-web_Tavola-disegno-1.png\" \/>\n\t<meta property=\"og:image:width\" content=\"960\" \/>\n\t<meta property=\"og:image:height\" content=\"560\" \/>\n<meta name=\"twitter:card\" content=\"summary_large_image\" \/>\n<meta name=\"twitter:label1\" content=\"Tempo di lettura stimato\">\n\t<meta name=\"twitter:data1\" content=\"3 minuti\">\n<script type=\"application\/ld+json\" class=\"yoast-schema-graph\">{\"@context\":\"https:\/\/schema.org\",\"@graph\":[{\"@type\":\"WebSite\",\"@id\":\"https:\/\/www.gecoexpo.com\/2021\/#website\",\"url\":\"https:\/\/www.gecoexpo.com\/2021\/\",\"name\":\"Geco, I edizione la fiera virtuale sulla sostenibilit&agrave;\",\"description\":\"Green tourism, mobility &amp; energy expo\",\"potentialAction\":[{\"@type\":\"SearchAction\",\"target\":\"https:\/\/www.gecoexpo.com\/2021\/?s={search_term_string}\",\"query-input\":\"required name=search_term_string\"}],\"inLanguage\":\"it-IT\"},{\"@type\":\"WebPage\",\"@id\":\"https:\/\/www.gecoexpo.com\/2021\/es\/jurado-y-premios-smart-talk\/#webpage\",\"url\":\"https:\/\/www.gecoexpo.com\/2021\/es\/jurado-y-premios-smart-talk\/\",\"name\":\"Jurado y Premios Smart Talk - Geco, I edizione la fiera virtuale sulla sostenibilit&agrave;\",\"isPartOf\":{\"@id\":\"https:\/\/www.gecoexpo.com\/2021\/#website\"},\"datePublished\":\"2021-08-03T16:44:10+00:00\",\"dateModified\":\"2021-11-02T12:02:31+00:00\",\"breadcrumb\":{\"@id\":\"https:\/\/www.gecoexpo.com\/2021\/es\/jurado-y-premios-smart-talk\/#breadcrumb\"},\"inLanguage\":\"it-IT\",\"potentialAction\":[{\"@type\":\"ReadAction\",\"target\":[\"https:\/\/www.gecoexpo.com\/2021\/es\/jurado-y-premios-smart-talk\/\"]}]},{\"@type\":\"BreadcrumbList\",\"@id\":\"https:\/\/www.gecoexpo.com\/2021\/es\/jurado-y-premios-smart-talk\/#breadcrumb\",\"itemListElement\":[{\"@type\":\"ListItem\",\"position\":1,\"item\":{\"@type\":\"WebPage\",\"@id\":\"https:\/\/www.gecoexpo.com\/2021\/\",\"url\":\"https:\/\/www.gecoexpo.com\/2021\/\",\"name\":\"Home\"}},{\"@type\":\"ListItem\",\"position\":2,\"item\":{\"@id\":\"https:\/\/www.gecoexpo.com\/2021\/es\/jurado-y-premios-smart-talk\/#webpage\"}}]}]}<\/script>\n<!-- \/ Yoast SEO plugin. -->","_links":{"self":[{"href":"https:\/\/www.gecoexpo.com\/2021\/wp-json\/wp\/v2\/pages\/7750"}],"collection":[{"href":"https:\/\/www.gecoexpo.com\/2021\/wp-json\/wp\/v2\/pages"}],"about":[{"href":"https:\/\/www.gecoexpo.com\/2021\/wp-json\/wp\/v2\/types\/page"}],"author":[{"embeddable":true,"href":"https:\/\/www.gecoexpo.com\/2021\/wp-json\/wp\/v2\/users\/4105"}],"replies":[{"embeddable":true,"href":"https:\/\/www.gecoexpo.com\/2021\/wp-json\/wp\/v2\/comments?post=7750"}],"version-history":[{"count":2,"href":"https:\/\/www.gecoexpo.com\/2021\/wp-json\/wp\/v2\/pages\/7750\/revisions"}],"predecessor-version":[{"id":10837,"href":"https:\/\/www.gecoexpo.com\/2021\/wp-json\/wp\/v2\/pages\/7750\/revisions\/10837"}],"wp:attachment":[{"href":"https:\/\/www.gecoexpo.com\/2021\/wp-json\/wp\/v2\/media?parent=7750"}],"curies":[{"name":"wp","href":"https:\/\/api.w.org\/{rel}","templated":true}]}}